174977?
9
What is the ten thousands digit of 466155?
6
What is the ten thousands digit of 5209728?
0
What is the hundreds digit of 3271889?
8
What is the thousands digit of 1023969?
3
What is the thousands digit of 3455350?
5
What is the ten millions digit of 16311619?
1
What is the tens digit of 1942829?
2
What is the tens digit of 851263?
6
What is the thousands digit of 50283?
0
What is the ten thousands digit of 277391?
7
What is the hundred thousands digit of 16541338?
5
What is the units digit of 1063072?
2
What is the millions digit of 3223458?
3
What is the tens digit of 305436?
3
What is the units digit of 14731107?
7
What is the tens digit of 3902136?
3
What is the millions digit of 8797542?
8
What is the hundred thousands digit of 254333?
2
What is the units digit of 547573?
3
What is the tens digit of 1405993?
9
What is the thousands digit of 455067?
5
What is the tens digit of 1248603?
0
What is the millions digit of 8101135?
8
What is the tens digit of 8468463?
6
What is the tens digit of 15757627?
2
What is the units digit of 321631?
1
What is the hundreds digit of 465057?
0
What is the millions digit of 1177537?
1
What is the thousands digit of 702706?
2
What is the thousands digit of 3703045?
3
What is the millions digit of 1697181?
1
What is the tens digit of 19267359?
5
What is the hundreds digit of 227414?
4
What is the tens digit of 31317?
1
What is the ten thousands digit of 4439367?
3
What is the units digit of 117803?
3
What is the hundreds digit of 310750?
7
What is the units digit of 3289152?
2
What is the ten thousands digit of 1249003?
4
What is the tens digit of 3187794?
9
What is the hundreds digit of 4253300?
3
What is the tens digit of 443?
4
What is the hundred thousands digit of 129629?
1
What is the ten millions digit of 24245793?
2
What is the tens digit of 166697?
9
What is the units digit of 290246?
6
What is the units digit of 24478543?
3
What is the ten thousands digit of 1481703?
8
What is the tens digit of 429971?
7
What is the tens digit of 727772?
7
What is the hundred thousands digit of 612654?
6
What is the units digit of 200694?
4
What is the units digit of 4435215?
5
What is the ten thousands digit of 310547?
1
What is the hundred thousands digit of 1873484?
8
What is the ten thousands digit of 35173691?
7
What is the thousands digit of 2916740?
6
What is the units digit of 112133?
3
What is the ten thousands digit of 32065?
3
What is the tens digit of 233719?
1
What is the hundreds digit of 8720969?
9
What is the thousands digit of 11164?
1
What is the units digit of 258920?
0
What is the units digit of 329994?
4
What is the hundred thousands digit of 753712?
7
What is the tens digit of 1898878?
7
What is the tens digit of 1784355?
5
What is the units digit of 15152136?
6
What is the units digit of 1117254?
4
What is the thousands digit of 17844868?
4
What is the hundreds digit of 4584424?
4
What is the tens digit of 5454580?
8
What is the tens digit of 366219?
1
What is the thousands digit of 6192628?
2
What is the hundred thousands digit of 435640?
4
What is the hundred thousands digit of 276824?
2
What is the ten thousands digit of 6320594?
2
What is the ten thousands digit of 16046405?
4
What is the millions digit of 5815935?
5
What is the units digit of 386049?
9
What is the hundreds digit of 1062869?
8
What is the ten thousands digit of 848382?
4
What is the thousands digit of 792894?
2
What is the thousands digit of 9511318?
1
What is the hundreds digit of 636981?
9
What is the hundred thousands digit of 148438?
1
What is the units digit of 18416009?
9
What is the units digit of 2592294?
4
What is the units digit of 133863?
3
What is the ten thousands digit of 152032?
5
What is the units digit of 783762?
2
What is the thousands digit of 15436754?
6
What is the millions digit of 24109925?
4
What is the hundred thousands digit of 508196?
5
What is the thousands digit of 1915238?
5
What is the units digit of 428892?
2
What is the ten thousands digit of 387399?
8
What is the thousands digit of 7855143?
5
What is the tens digit of 8259867?
6
What is the tens digit of 860327?
2
What is the millions digit of 2661161?
2
What is the tens digit of 175522?
2
What is the tens digit of 329986?
8
What is the ten thousands digit of 257484?
5
What is the hundreds digit of 1007010?
0
What is the millions digit of 27898559?
7
What is the units digit of 600585?
5
What is the tens digit of 7323656?
5
What is the tens digit of 3271288?
8
What is the units digit of 1549067?
7
What is the units digit of 205506?
6
What is the hundreds digit of 1973547?
5
What is the ten thousands digit of 139609?
3
What is the units digit of 140532?
2
What is the hundreds digit of 582712?
7
What is the hundreds digit of 248991?
9
What is the thousands digit of 8909934?
9
What is the thousands digit of 812586?
2
What is the units digit of 252940?
0
What is the hundreds digit of 619392?
3
What is the millions digit of 13229864?
3
What is the ten thousands digit of 1273956?
7
What is the ten thousands digit of 1553975?
5
What is the hundred thousands digit of 6137094?
1
What is the millions digit of 20642838?
0
What is the tens digit of 158912?
1
What is the hundreds digit of 8056024?
0
What is the thousands digit of 8628471?
8
What is the tens digit of 794563?
6
What is the thousands digit of 2918423?
8
What is the tens digit of 172128?
2
What is the hundred thousands digit of 840013?
8
What is the hundreds digit of 388796?
7
What is the thousands digit of 2381?
2
What is the hundreds digit of 237614?
6
What is the ten thousands digit of 457939?
5
What is the thousands digit of 98798?
8
What is the hundred thousands digit of 11560778?
5
What is the ten thousands digit of 2971673?
7
What is the hundred thousands digit of 3558252?
5
What is the units digit of 381027?
7
What is the hundred thousands digit of 780042?
7
What is the hundreds digit of 1298169?
1
What is the units digit of 8233119?
9
What is the hundred thousands digit of 3183639?
1
What is the millions digit of 1777890?
1
What is the millions digit of 3504880?
3
What is the tens digit of 6220554?
5
What is the units digit of 235773?
3
What is the tens digit of 25397583?
8
What is the hundreds digit of 1054414?
4
What is the millions digit of 1872766?
1
What is the tens digit of 11690596?
9
What is the ten thousands digit of 519651?
1
What is the hundreds digit of 206722?
7
What is the hundreds digit of 326302?
3
What is the hundred thousands digit of 197686?
1
What is the millions digit of 29902482?
9
What is the thousands digit of 22200888?
0
What is the hundreds digit of 3837937?
9
What is the ten thousands digit of 2470582?
7
What is the hundreds digit of 11482204?
2
What is the thousands digit of 106711?
6
What is the thousands digit of 231463?
1
What is the thousands digit of 13085736?
5
What is the units digit of 371104?
4
What is the hundred thousands digit of 1826718?
8
What is the units digit of 7242707?
7
What is the hundreds digit of 255673?
6
What is the hundreds digit of 52080?
0
What is the hundred thousands digit of 2757668?
7
What is the units digit of 139098?
8
What is the ten thousands digit of 93524?
9
What is the ten thousands digit of 503098?
0
What is the millions digit of 9674250?
9
What is the ten thousands digit of 1969502?
6
What is the units digit of 330114?
4
What is the tens digit of 5610930?
3
What is the thousands digit of 18254264?
4
What is the thousands digit of 17426505?
6
What is the thousands digit of 1173853?
3
What is the millions digit of 11859265?
1
What is the units digit of 84135?
5
What is the hundreds digit of 23235309?
3
What is the hundred thousands digit of 264968?
2
What is the hundreds digit of 8125181?
1
What is the tens digit of 7050303?
0
What is the tens digit of 1224757?
5
What is the hundreds digit of 46268?
2
What is the thousands digit of 35135?
5
What is the hundreds digit of 291893?
8
What is the ten thousands digit of 8230313?
3
What is the tens digit of 327377?
7
What is the millions digit of 2653435?
2
What is the ten thousands digit of 6297101?
9
What is the ten thousands digit of 2432143?
3
What is the tens digit of 159184?
8
What is the ten thousands digit of 581532?
8
What is the units digit of 29271